-k + 2 = -4*m. Let q(z) = -z**3 + z + 120. What is the remainder when q(m) is divided by (41/7)/((-5)/(-35))?
38
Suppose -167 + 53 = -3*j - 4*h, -2*h = -2*j + 76. Suppose -t = -4*p + 12, -133*t + 136*t = -3*p + 9. What is the remainder when j is divided by p?
2
Let m(v) = 4*v + 150. Let a be m(0). Suppose -3*q + 2*k + a = 0, 2*q - 5*k - 74 = 37. Calculate the remainder when q is divided by 13.
9
What is the remainder when -8 + 364/42 - (4784/(-6) + -2) is divided by 150?
50
Suppose 0 = -v - 1, -4*v - 488 = -5*n + 1. Calculate the remainder when 2228 is divided by n.
94
Let a(k) = k + 182. Let x be a(-40). Suppose 0 = -n + x - 122. What is the remainder when 87 is divided by n?
7
Suppose -4*a - 4 = -k + 99, -k = -3. Let o(t) = t**3 + 25*t**2 - 2*t - 48. Suppose 0 = v - 2*v + 1. What is the remainder when o(a) is divided by v?
0
Let x(i) = i**3 - 14*i**2 + 46*i - 51. What is the remainder when 281 is divided by x(11)?
5
Let w be (-1 + (-14)/(-2))/((-27)/(-18)). Calculate the remainder when 92 is divided by ((-10)/4 + w)*190/15.
16
Let k = -21 - -25. Suppose k*i - 4*u = 316, 3*u = 5*i - u - 391. Let w = i + -41. Calculate the remainder when 133 is divided by w.
31
Suppose -4*g = -12*g + 2688. Suppose 3*s + g = 9*s. What is the remainder when 389 is divided by s?
53
Let x(f) = 4*f**3 - 4*f**2 + 11*f - 73. What is the remainder when x(6) is divided by 353?
7
Let g be -5 - (6/3 + -2). Let q be 12/3 + g - -33. Suppose -2*x + 3*c = x - 24, 0 = -3*x + c + q. Calculate the remainder when x is divided by 4.
0
Let g(f) = -f**2 - 12*f - 6. Suppose 4*m - 2*m = -2*r - 22, -44 = 4*m - 5*r. Let t be g(m). What is the remainder when 1 is divided by (18/15 - 1)/(1/t)?
0
Let z = 79 - -1. Let o(j) be the second derivative of j**4/4 - 5*j**3/6 + 17*j**2/2 - 18*j - 2. What is the remainder when z is divided by o(3)?
22
Let j = 3412 + -3245. Calculate the remainder when 518 is divided by j.
17
Let k = -179 - -490. Let z = -279 + k. What is the remainder when 107 is divided by z?
11
Suppose 0 = -3*g - a - 3*a + 116, a - 69 = -2*g. Calculate the remainder when 10687 is divided by g.
31
Let b be (-12)/9*(0 + 3). Suppose -77*x + 75*x - 742 = -6*q, 0 = 5*q - 3*x - 617. What is the remainder when q is divided by 415/20 - 1/b?
19
Suppose -27*t = -35*t. Suppose -7*r - 3*r + 3950 = t. Suppose 0 = 3*l - 247 - r. Calculate the remainder when l is divided by 31.
28
Let f(k) = -k**3 + 17*k**2 - 4*k - 180. Calculate the remainder when 728 is divided by f(16).
8
Let w(v) = 25*v - 441. Calculate the remainder when w(50) is divided by 81.
80
Suppose 0 = 4*d + 4 - 140. Let w = -19943 - -19992. Let r = w - d. What is the remainder when 163 is divided by r?
13
Let b(v) = 4*v**2 - v - 5. Suppose 34 + 20 = 18*o. Calculate the remainder when 81 is divided by b(o).
25
Suppose 0*w - 64*w = -15552. Calculate the remainder when w is divided by 70.
33
Let r(x) = 4*x - 16. Suppose 90*b + 129 = 87*b. Let c = b + 90. What is the remainder when c is divided by r(7)?
11
Suppose 4*o = -b - 378 + 1019, 2*b - o = 1300. Calculate the remainder when b is divided by 23.
5
Suppose 2*q - 4*p - 190 = 0, 0 = 4*q - 5*p + 101 - 493. Suppose 7*a + 38 = 227. Calculate the remainder when q is divided by a.
22
Calculate the remainder when 939 is divided by 14 + (289 - (-63)/9).
9
Suppose 94 + 144 = 14*u. Calculate the remainder when (28/35)/(1/60) is divided by u.
14
Let l(f) = 417 - 84 + 7*f - 7*f + 5*f - f. Calculate the remainder when l(35) is divided by 96.
89
Let u(b) = 19*b + 3036. Calculate the remainder when u(-21) is divided by 36.
9
Let k = -535 + 911. Suppose 0*q - 4*q + 62 = 2*f, 2*f = -10. Calculate the remainder when k is divided by q.
16
Suppose -3*f - 36 = -414. Let d = f + -28. Calculate the remainder when d is divided by 25.
23
Calculate the remainder when 13253 is divided by (-23638)/(-84) + (-1)/(-6) + (-162)/(-378).
281
Suppose 5915*b = 5930*b - 18030. What is the remainder when b is divided by 6?
2
Suppose -o + 33 = 5*g, -g + 141 = 5*o - 0*g. Suppose b - 5685 + 5789 = j, -2*b + 2 = 0. What is the remainder when j is divided by o?
21
Let q be (-3296)/224 + 4/(-14). What is the remainder when q*(55/(-25) - 2) is divided by 22?
19
Let o = -30733 + 30996. What is the remainder when o is divided by 81?
20
Let z be (57 - -1)*(-3)/(-6). Suppose -44 = -2*f - 4*c, -3*f + c = -f - z. Let g = 1891 - 1861. What is the remainder when g is divided by f?
14
Let h(i) = -48*i - 43*i + 77*i - 77. What is the remainder when h(-10) is divided by (-2)/5 - 134/(-10)?
11
Let m(b) = 5*b**2 - 4*b - 25. What is the remainder when m(5) is divided by (-1635)/(-45) - ((-1)/3)/(-1)?
8
Let f = -35706 - -35729. Calculate the remainder when 536/6 + (-6)/18 is divided by f.
20
Suppose 14890 + 6080 = 45*x. What is the remainder when x is divided by 26?
24
Let k = 1672 - 1661. Calculate the remainder when 534 is divided by k.
6
Let u(p) = -2*p + 3*p + 6*p - 290 + 0*p + 5*p. Calculate the remainder when 106 is divided by u(25).
6
Let p(g) = g**3 + 8 + 7*g - 22*g + 3*g + 2*g**2 + 5*g. Calculate the remainder when 93 is divided by p(3).
29
Let b be ((-900)/(-80))/(2/168). Let a = -941 + b. Calculate the remainder when a is divided by 3*(-1 - (-5)/3).
0
Suppose -5*d - 16 = -13*d. Suppose 2*b = -10, a + 2*b + 12 = d*a. Suppose a*x - 84 = -4*x. What is the remainder when x is divided by 4?
2
Let n(u) be the second derivative of u**5/20 + 11*u**4/12 + 8*u**3/3 - 4*u**2 - 31*u. Calculate the remainder when n(-7) is divided by 13.
11
Let y(b) = 8*b**2 + 269*b + 466. What is the remainder when y(-32) is divided by 24?
2
Suppose -71 - 75 = -z. Suppose -569 - z = -11*m. What is the remainder when 192 is divided by m?
62
Let a(b) = 6*b**2 + 9*b**2 + 10*b**2 + 4*b + 10*b**2 - 6*b**2 + 5. Calculate the remainder when a(-5) is divided by 23.
20
Let x(j) = -6*j**2 + 2. Let m be x(-3). Let w = -52 - m. What is the remainder when (-217)/21*(w - 3) is divided by 17?
14
Suppose -m = -u - 180, -45*m - 2*u + 380 = -43*m. Suppose -223 = 3*d - 1114. Let o = d - m. Calculate the remainder when o is divided by 38.
36
Let x be (-306)/(-10)*400/(-120). What is the remainder when 137 - 2/(x/30 - -3) is divided by 30?
22
Suppose 8*g + 29*g + 29452 = 0. Let f = -790 - g. What is the remainder when 62 is divided by f?
2
Calculate the remainder when 15/25 + 36/(-10) - -246 is divided by 9 + 62/2 + -5.
33
Let o = -31 + 66. Let w = 61 - 62. Let l(p) = -4*p + 5. Calculate the remainder when o is divided by l(w).
8
Let y(g) = -g. Let f be y(-3). Let v be f + -2 - (-7 + 4). Calculate the remainder when 44 is divided by -6*4*v/(-6).
12
Let r(n) = n**3 + 2*n**2 - 5*n + 5. Suppose -8*c + 7 = -9. Calculate the remainder when r(3) is divided by -26*-2*c/8.
9
Suppose 60 = -4*b + 232. Suppose 39*x + 1148 = b*x. Calculate the remainder when x is divided by 58.
55
Suppose -3*q + 3*p - p = -26, -2*p + 10 = 3*q. Let g(w) = 3*w - 19. Let k be g(q). Let t(l) = -35*l + 4. What is the remainder when 152 is divided by t(k)?
35
Suppose 5*c + 2*x - 2600 = 0, -75*x + 1534 = 3*c - 79*x. What is the remainder when c is divided by 112?
70
Suppose 10 = -0*g + 5*g - 2*y, 8 = 4*g + 4*y. Suppose -q - 16 = 4*h, 5*h + 27 = 3*q + g*h. Let u = 31 + -22. What is the remainder when u is divided by q?
1
Suppose 3*b - 2*s = 172, -3*b + 0*s = -5*s - 178. Let u = -24052 - -24209. Calculate the remainder when u is divided by b.
45
Let a = 80 - -8. Suppose -4*h - 3*u + 320 = u, h - u - a = 0. Let b = 144 - h. Calculate the remainder when b is divided by 23.
14
Let y = -1700 + 1022. Let r = y + 1017. Suppose 7*f - 4*f = r. Calculate the remainder when f is divided by 29.
26
Let o = 299 - 237. Suppose -4*n + 30 = t - 13, 3*n = -4*t + 120. What is the remainder when o is divided by t?
8
Let h = 656 + -620. What is the remainder when -1 - (h/(-9) + -23) is divided by 6?
2
Let m = 84 + -84. Suppose -2*d = -7*d - 30. Calculate the remainder when 46 is divided by d*(-3 - -1) - (m - 0).
10
Let j(p) = -p**3 - 3*p**2 + 230*p + 37. What is the remainder when j(-17) is divided by 159?
14
Suppose -2*v + 3*r + 48 = 5, 3*r = -3*v + 27. Suppose -v*b = -10*b - 52. Let f = 92 - 29. What is the remainder when f is divided by b?
11
What is the remainder when 19 is divided by -9*(-14)/(-28)*((-6)/(-3) - 4)?
1
Let f = -1